False
Does 23 divide 290352?
True
Is 5613220 a multiple of 86?
True
Is 3543216 a multiple of 194?
True
Does 13 divide 679167?
False
Is 123 a factor of 1446849?
True
Is 55 a factor of 690855?
True
Is 35 a factor of 1214115?
True
Is 75 a factor of 2237100?
True
Does 27 divide 12317373?
True
Is 38659 a multiple of 7?
False
Is 172 a factor of 727083?
False
Is 1543442 a multiple of 131?
True
Is 23 a factor of 239645?
False
Is 11 a factor of 35617?
False
Is 5275340 a multiple of 14?
True
Is 5164032 a multiple of 384?
True
Does 153 divide 12604812?
False
Is 311 a factor of 290810?
False
Does 491 divide 5504110?
True
Does 133 divide 16758?
True
Does 149 divide 5661846?
False
Is 7 a factor of 53989?
False
Is 281 a factor of 2645916?
False
Is 695 a factor of 145950?
True
Does 136 divide 31207?
False
Is 8 a factor of 320134?
False
Does 23 divide 184138?
True
Does 34 divide 62492?
True
Is 106109 a multiple of 5?
False
Is 202545 a multiple of 15?
True
Does 11 divide 134816?
True
Is 8 a factor of 2865608?
True
Does 37 divide 686754?
False
Is 20 a factor of 6040?
True
Is 120156 a multiple of 17?
True
Does 267 divide 689114?
False
Is 96252 a multiple of 52?
True
Does 24 divide 728871?
False
Is 4 a factor of 4190?
False
Does 168 divide 14112000?
True
Does 2 divide 91239?
False
Is 12 a factor of 329816?
False
Is 29590 a multiple of 10?
True
Does 1910 divide 3202954?
False
Is 676900 a multiple of 140?
True
Does 263 divide 372130?
False
Is 1211225 a multiple of 5?
True
Is 2372511 a multiple of 97?
False
Does 33 divide 568359?
True
Does 957 divide 4309371?
True
Is 2117362 a multiple of 173?
False
Is 385479 a multiple of 31?
False
Is 1112619 a multiple of 3?
True
Does 3 divide 6399570?
True
Is 73 a factor of 3926451?
True
Is 44066 a multiple of 5?
False
Is 15329694 a multiple of 1137?
False
Is 54 a factor of 24030?
True
Is 96363 a multiple of 65?
False
Is 102 a factor of 59197?
False
Is 10 a factor of 2009280?
True
Does 10 divide 149555?
False
Does 18 divide 581421?
False
Is 30 a factor of 396271?
False
Does 175 divide 1180025?
True
Does 16 divide 23108612?
False
Is 2609376 a multiple of 66?
True
Is 59 a factor of 416717?
True
Is 1039012 a multiple of 212?
True
Is 1499 a factor of 350059?
False
Is 13 a factor of 104897?
True
Is 34164 a multiple of 49?
False
Is 210021 a multiple of 511?
True
Is 132444 a multiple of 78?
True
Is 30 a factor of 12324944?
False
Does 164 divide 355964?
False
Is 820135 a multiple of 69?
False
Is 147914 a multiple of 5?
False
Does 135 divide 131760?
True
Is 11 a factor of 935000?
True
Does 37 divide 4374937?
False
Does 7 divide 465185?
True
Does 178 divide 39026?
False
Does 6 divide 595416?
True
Is 217017 a multiple of 17?
False
Is 1556623 a multiple of 127?
False
Does 16 divide 77478?
False
Is 49 a factor of 17987116?
True
Is 574 a factor of 250838?
True
Does 1149 divide 1684179?
False
Does 18 divide 22471?
False
Is 1102292 a multiple of 6?
False
Is 24 a factor of 215472?
True
Is 128 a factor of 72192?
True
Is 59636 a multiple of 68?
True
Is 283 a factor of 90491?
False
Is 1251633 a multiple of 991?
True
Is 8297829 a multiple of 225?
False
Is 3 a factor of 10261?
False
Does 28 divide 1480717?
False
Is 272 a factor of 28016?
True
Is 11728468 a multiple of 28?
False
Does 345 divide 99716?
False
Is 400 a factor of 1064000?
True
Is 2537283 a multiple of 17?
False
Is 12 a factor of 69924?
True
Does 53 divide 4965592?
False
Does 70 divide 3373300?
True
Is 878521 a multiple of 56?
False
Is 24 a factor of 42633?
False
Is 356139 a multiple of 21?
True
Does 96 divide 240391?
False
Does 5 divide 4235146?
False
Is 1996640 a multiple of 63?
False
Is 92 a factor of 1031872?
True
Is 32 a factor of 305269?
False
Is 12 a factor of 4003903?
False
Does 40 divide 376331?
False
Is 2942990 a multiple of 12?
False
Is 289380 a multiple of 60?
True
Is 586368 a multiple of 36?
True
Does 8 divide 3760996?
False
Is 543 a factor of 1955343?
True
Is 1707941 a multiple of 11?
False
Is 371 a factor of 3826865?
True
Is 144 a factor of 3624037?
False
Is 27 a factor of 149364?
True
Is 7215916 a multiple of 86?
True
Is 737 a factor of 1124983?
False
Is 322 a factor of 135870?
False
Is 79 a factor of 1438774?
False
Does 10 divide 337510?
True
Is 2540469 a multiple of 20?
False
Is 8760422 a multiple of 138?
False
Does 6 divide 18556?
False
Is 829638 a multiple of 77?
False
Is 6 a factor of 91620?
True
Is 4845 a multiple of 15?
True
Is 182574 a multiple of 49?
True
Is 240988 a multiple of 243?
False
Is 342 a factor of 52898?
False
Does 14 divide 76637?
False
Is 53 a factor of 1861042?
True
Does 4 divide 32728?
True
Is 397 a factor of 89970?
False
Is 203206 a multiple of 21?
False
Is 34 a factor of 745907?
False
Is 543 a factor of 677121?
True
Does 307 divide 233320?
True
Is 107755 a multiple of 64?
False
Is 46460 a multiple of 10?
True
Is 25620746 a multiple of 29?
True
Is 329585 a multiple of 264?
False
Does 4 divide 40774?
False
Does 2 divide 94489?
False
Is 130002 a multiple of 76?
False
Is 69890 a multiple of 10?
True
Is 1367687 a multiple of 11?
False
Is 307632 a multiple of 68?
True
Is 54298 a multiple of 17?
True
Is 9 a factor of 407934?
True
Is 28 a factor of 1515024?
True
Is 7581878 a multiple of 404?
False
Is 517995 a multiple of 13?
False
Is 13 a factor of 903849?
False
Is 1565584 a multiple of 416?
False
Is 20 a factor of 224040?
True
Is 186 a factor of 55056?
True
Is 4 a factor of 406982?
False
Is 24 a factor of 27501?
False
Is 733 a factor of 7531199?
False
Is 49 a factor of 6492786?
False
Is 849961 a multiple of 79?
True
Is 77 a factor of 12333783?
True
Does 5 divide 1462655?
True
Does 9 divide 181035?
True
Does 5 divide 27275?
True
Is 15 a factor of 169484?
False
Is 64 a factor of 4958912?
True
Is 278 a factor of 1930707?
False
Does 37 divide 768822?
False
Is 122 a factor of 1391532?
True
Is 97980 a multiple of 30?
True
Is 20 a factor of 936380?
True
Is 11 a factor of 1816551?
True
Is 77 a factor of 1847846?
True
Is 50 a factor of 87199?
False
Does 43 divide 2220735?
True
Is 12491226 a multiple of 6?
True
Does 453 divide 70904?
False
Is 8 a factor of 594019?
False
Does 108 divide 30925?
False
Does 84 divide 128940?
True
Does 60 divide 73020?
True
Does 54 divide 815562?
True
Is 444600 a multiple of 195?
True
Is 304 a factor of 1025159?
False
Is 78944 a multiple of 32?
True
Is 84 a factor of 38969?
False
Is 2 a factor of 11695?
False
Is 41 a factor of 628612?
True
Is 5 a factor of 138380?
True
Is 4224071 a multiple of 139?
True
Is 233536 a multiple of 89?
True
Is 175840 a multiple of 166?
False
Is 11 a factor of 12083126?
True
Does 99 divide 2233262?
False
Is 399 a factor of 634539?
False
Does 12 divide 320796?
True
Is 457410 a multiple of 474?
True
Does 51 divide 65617?
False
Is 157 a factor of 75304?
False
Does 3 divide 2823767?
False
Is 143532 a multiple of 269?
False
Does 91 divide 2712475?
False
Does 21 divide 58123?
False
Does 94 divide 355038?
True
Is 886 a factor of 529713?
False
Is 514 a factor of 5948522?
True
Does 852 divide 9308952?
True
Does 23 divide 672255?
False
Is 597658 a multiple of 357?
False
Is 2702734 a multiple of 24?
False
Is 25 a factor of 26200?
True
Does 72 divide 58896?
True
Is 460172 a multiple of 29?
True
Does 13 divide 419094?
True
Does 9 divide 9589?
False
Does 563 divide 5447588?
True
Is 30 a factor of 20752?
False
Is 15 a factor of 122504?
False
Is 4 a factor of 620951?
False
Is 2279880 a multiple of 540?
True
Does 839 divide 1331493?
True
Is 175 a factor of 101719?
False
Is 60115 a multiple of 51?
False
Does 80 divide 6513760?
True
Is 1001 a factor of 5514509?
True
Is 55900 a multiple of 50?
True
Is 846473 a multiple of 4?
False
Is 588 a factor of 161700?
True
Is 299750 a multiple of 138?
False
Is 762 a factor of 5279898?
True
Is 355 a factor of 1173021?
False
Does 27 divide 4149266?
False
Is 682560 a multiple of 320?
True
Is 23 a factor of 1052072?
False
Does 522 divide 3887334?
True
Does 10 divide 352046?
False
Is 8 a factor of 253838?
False
Is 466309 a multiple of 4?
False
Is 198143 a multiple of 44?
False
Is 1879948 a multiple of 28?
True
Is 134187 a multiple of 2?
False
Is 47736 a multiple of 13?
True
Is 66 a factor of 2401146?
True
Does 489 divide 596091?
True
Does 427 divide 1027362?
True
Does 344 divide 129837?
Fals